
Calculate 2 - 4 - (-8 + 10 - 12).
8
7 - 1 - (30 + -17)
-7
Calculate -2 - (1 + -4 + -1).
2
Calculate 10 + -3 + (0 - (6 - 3)).
4
What is (-3 - (2 - (8 + -12))) + -2?
-11
What is 3 + (3 + -2 - 3) + 0?
1
Calculate 1 + 0 - (2 + -1) - 1.
-1
Evaluate -4 + 0 + 1 - -3.
0
Evaluate 0 - ((0 - 2) + -3).
5
Evaluate -1 + -3 + -3 + 4.
-3
5 + (2 - 2 - 2)
3
(-14 - -12) + (-3 - 1)
-6
What is -5 + -7 + 9 - -1 - -12?
10
What is the value of 5 - (5 - 7 - -7)?
0
Evaluate 4 - (2 - -1 - 2).
3
1 - 0 - (-5 - -6) - 0
0
Calculate -5 + (5 - (1 - 4 - -3)).
0
What is 10 + -9 + (-4 - 0 - 1)?
-4
1 + (-1 + 10 - (-15 + 17))
8
2 + 1 + -1 + 4
6
Evaluate (-4 - -5 - -3) + -4.
0
Evaluate -1 + (1 - 5 - 0).
-5
Evaluate (2 + -6 - -1) + 4.
1
Evaluate 1 - (-4 - 4) - 5.
4
7 + 0 - (-17 - (-4 - 22))
-2
1 + (7 - (3 + 1))
4
Calculate 1 + (-4 - -3) + 2 + -2.
0
What is the value of 3 + 0 + 0 - -1?
4
What is 12 + 1 + -4 + -4?
5
What is the value of 0 + -6 + 2 + 4?
0
7 - (1 - -7 - (48 + -43))
4
Calculate (-4 - -7) + (0 - (-1 - 1)).
5
Calculate (-2 - 1) + 4 + -5 - -2.
-2
What is the value of -3 + 5 + -9 + 8?
1
Calculate -10 + 7 + (-3 - -1).
-5
Calculate -10 + 12 - (-11 - -4).
9
What is the value of 10 + -5 - 10 - -6?
1
What is (4 - -3) + -7 - (-1 + -4)?
5
What is 6 + 1 + -3 + -5?
-1
What is (-1 - -5) + (-1 - -1) - 0?
4
Calculate -8 - (-9 - (-3 - -3)).
1
What is 1 - (4 + -11 - -12)?
-4
What is the value of -3 + (2 - (-3 + 5) - 0)?
-3
Evaluate 0 + 4 + (1 - 1 - 3).
1
Evaluate 6 + -8 + 8 + -11 + 2.
-3
What is -25 + 22 - (-8 - 0) - 0?
5
0 - 2 - (-3 + -3 + 5)
-1
What is the value of -15 + (5 - -5) + 0?
-5
What is (6 - 1) + (-41 - -41)?
5
2 + 2 + -1 - (-3 - -6)
0
What is the value of 1 - (0 - (-3 + 3) - 3)?
4
What is (-5 - (17 + -16)) + 1 + -2?
-7
-7 - (-3 - -3) - (-1 + -2)
-4
Evaluate -5 + 11 - (13 - 8).
1
What is the value of -3 + 3 - 2 - 0?
-2
What is -5 + (4 - (7 - 0)) + 7?
-1
What is the value of 2 - (-8 - (3 + -8))?
5
10 + (7 - (-3 - -27))
-7
0 - (6 - (1 + 1))
-4
What is 41 + -42 - (2 + 6)?
-9
Calculate (-1 - -2) + 0 + (5 - 8).
-2
What is the value of (-1 - (4 + -8)) + (2 - 5)?
0
What is -1 + -3 + (0 - (3 - 5))?
-2
Evaluate -165 + 167 - (1 + 1).
0
Evaluate (1 - 12) + (14 - 6 - 3).
-6
What is the value of (2 - (0 - -2)) + 12 + -15?
-3
Evaluate (1 - 4 - 1) + -1.
-5
What is -9 - (-7 - -2) - (2 + -11)?
5
Calculate (-1 - 1) + (21 - 24) + -1.
-6
Calculate (-1 - 3) + 2 + 7.
5
Evaluate -8 - (-6 + -1 + -6).
5
4 + (-3 - -5) + (-7 - 2)
-3
Evaluate (-9 + 17 - 10) + (1 - -3).
2
(-6 - -2) + 10 + -4
2
Calculate (4 - (7 + 3 + -6)) + 2.
2
What is (-2 - (10 - (-5 - -7))) + 6?
-4
What is the value of -9 + 5 + 13 + -4?
5
Calculate (3 + -9 - -10) + -9.
-5
Evaluate (-9 - (-7 + 3 + 1)) + 12.
6
What is the value of -9 + 23 - (2 - -8)?
4
Evaluate 2 - (-3 + -2 + 4).
3
What is the value of (-8 + 5 - -6) + -4?
-1
-1 + (11 - 7) + 2 + -5
0
Calculate 0 + 0 + (3 + -18 - -24).
9
Calculate 1 - 0 - (1 - (1 - 2)).
-1
What is (5 - (2 - -5)) + 0 - 2?
-4
Calculate -3 + (-1 - -3) - 4.
-5
What is the value of 7 + (-28 - -8 - -12)?
-1
Evaluate (1 - -2) + 11 + -23.
-9
What is the value of -611 - -609 - (1 + -2 + 1)?
-2
Evaluate (11 - 17) + 13 - (1 - -8).
-2
What is the value of 20 + -13 - (7 + 0)?
0
What is -2 - -7 - (-3 + 25 + -17)?
0
What is 4 - (3 + -1) - 7?
-5
What is 1 - ((10 - 4) + -10)?
5
Calculate (11 + -8 - 12) + -2.
-11
Calculate (-24 - -23) + (4 - (1 - 2)).
4
What is -3 + 16 + 7 + -15?
5
What is the value of -3 + (-6 - (1 + 4 - 10))?
-4
Evaluate 1 - (2 - 2) - -2 - 1.
2
Calculate 6 + -5 - (-3 - 0).
4
Evaluate (0 - 0) + -1 + -5 + 2.
-4
Calculate (5 - 0) + 4 + 0 + -15.
-6
What is the value of 1 + 2 - (-20 + 10 - -17)?
-4
Evaluate 2 - 8 - (5 + -12 + 1).
0
0 - (12 + -6) - (-5 + -3)
2
What is the value of 9 + -14 - 0 - 2?
-7
What is (-2 - 2) + 0 + 1 + -2?
-5
-1 + (-11 - (-3 + -2) - 3)
-10
What is (2 - -4 - 2) + -14 + 11?
1
Evaluate -1 + (-5 - (-5 + -2)).
1
What is the value of 6 + -4 - -2 - (-9 - -16)?
-3
-2 + -1 + (-3 - -6) + 4
4
What is the value of 3 + -5 + -2 + 3 - 0?
-1
What is (-3 + 3 - (-1 + 2)) + -3?
-4
What is 1 - (4 + -4 + 5 + 0)?
-4
(-4 - -9 - 6) + 5
4
17 + -13 - (-3 - -5)
2
Calculate (-5 - 2) + 0 - (60 + -61).
-6
Evaluate 4 - (4 + (-7 - 0)).
7
What is -6 + (3 - 8) + 9?
-2
What is -7 + 2 + (2 - -1)?
-2
What is the value of -3 - -6 - ((-4 - -2) + 4)?
1
Calculate 5 + (5 - 10) + -2 + 5.
3
Evaluate -5 + -8 + -2 + (4 - -3).
-8
What is 5 + (-5 - 1) + 7?
6
-1 + 4 - (3 - (-2 - -4))
2
What is (0 - -5) + -1 + -3?
1
What is the value of 4 + 1 + -4 + 0 + 5?
6
Evaluate -1 + -6 - (0 + (1 - 3)).
-5
What is -21 - -23 - (-2 - (-1 - -1))?
4
Evaluate (1 - -3) + (7 - 12).
-1
2 + 1 - (18 + -14)
-1
What is (0 + 0 + 0 - -1) + 0?
1
What is ((6 - 2) + 2 - -2) + -9?
-1
Evaluate 3 + (2 - (5 + 6)).
-6
Calculate -8 + 6 + 1 + 2.
1
-1 - (0 + 0 + 0) - -6
5
0 - ((-13 - -17) + (1 - 1))
-4
1 + -4 - (1 + -10)
6
-2 + 16 - (-59 + 78)
-5
What is (12 - (0 + -1) - 7) + -14?
-8
What is the value of -1 - ((3 - 1) + 1) - -3?
-1
Calculate (9 - 1) + 6 + -9.
5
Evaluate 1 + 0 + 2 - (32 + -34).
5
What is the value of 6 + 5 + (4 - 10)?
5
What is (5 + -7 - -8) + (-4 - 0)?
2
Calculate -12 - (0 + -13) - -1.
2
Evaluate -5 - (-4 + (5 - 4)).
-2
(-2 - -1) + -1 + 1 + 2
1
What is the value of 10 + 0 - (17 + -7)?
0
What is 3 + 0 + (-1 + 6 - 5)?
3
-11 + 15 + 3 + -12
-5
What is -13 + (9 - -4) + 3 + 0?
3
What is (-1 + 2 - 5) + -3?
-7
Evaluate 0 + 8 + -6 - 0.
2
What is the value of 2 + -3 + (0 - -3 - 5)?
-3
What is -1 - 0 - (-6 + 1 - -3)?
1
What is (-10 - -5) + 3 + 0?
-2
What is the value of (-11 - -9) + -1 - 2?
-5
What is the value of 0 + (0 - (8 + -7))?
-1
What is the value of -2 + 6 - 5 - 4?
-5
Evaluate (1 - (8 - -2)) + (-7 - -9).
-7
What is the value of -2 + -3 - (-9 - (-5 - -3))?
2
6 + (7 - 12 - -5)
6
Evaluate 5 + -10 + 7 - (5 - 2).
-1
What is -12 - -5 - -12 - 2?
3
-1 + -7 + 2 + -1 - -2
-5
What is 7 + -2 - (2 + 0)?
3
What is the value of -6 + (6 - (2 - 4))?
2
2 + (-9 - -4) + 1 - -2
0
What is the value of 0 + -4 - -4 - -9?
9
What is the value of -6 + 4 + 0 + 0?
-2
Evaluate (-4 - -3) + (-1 - -2).
0
What is the value of -4 - 0 - (5 - (24 + -5))?
10
Calculate -4 + (-2 - (-5 + 5)).
-6
What is (-7 - (-6 - -3) - -2) + 3?
1
12 + 0 + 1 - 6
7
What is the value of (-4 - -2) + -6 + 7 + -1?
-2
Evaluate -9 + (-11 - (1 - 25)).
4
0 - 3 - -3 - (1 + 1)
-2
Calculate (5 - 3 - (-3 + 1)) + -3.
1
What is the value of -2 - ((1 - -3) + -2)?
-4
(6 - 2) + (34 - 44)
-6
Evaluate (-4 - 1 - -9) + (-4 - -1).
1
3 + 0 + (-31 - -21)
-7
What is -1 + (-11 + 19 - -1)?
8
Calculate (15 - 15 - -3) + (1 - 2).
2
What is the value of 6 + 1 + (-2 - (13 - 4))?
-4
Calculate 0 + -1 - (12 - 16).
3
Calculate (21 - 19 - 11) + (0 - -2).
-7
Evaluate 5 + (5 - -1 - (-32 - -37)).
6
1 + 7 + -21 + 6
-7
Evaluate 0 + 0 - (16 - 16) - 2.
-2
-10 + 14 - (1 - 0) - 12
-9
What is (4 - 10) + -3 + 17?
8
What is the value of (-6 - -10) + -10 + 13?
7
What is 1 - -1 - (-23 + 21) - 3?
1
What is the value of -3 + 4 + 6 + -3?
4
What is -2 + 2 + 1 + 0?
1
What is the value of 6 + (-1 - 0) + 51 + -61?
-5
What is the value of (-2 - 0) + -10 + 9?
-3
Calculate -16 + 2 + (25 - 16).
-5
What is -9 - (7 + (-13 - -5))?
-8
-20 - ((1 - -5) + -17)
-9
Evaluate 4 - 1 - (-2 + 4 + 3).
-2
What is -10 - (11 - (-4 + 17))?
-8
What is (5 + 1 - 11) + (1 - -1)?
-3
-2 + 1 + (4 - 7)
-4
What is (9 - (15 - 5)) + (-1 - -5)?
3
Calculate (-8 + 2 - -11) + -11.
-6
Calculate 4 + 8 + -13 + 2 + -5.
-4
Evaluate 0 + (-7 - (-4 - 1)).
-2
Calculate 10 + -8 + -10 + 2.
-6
What is 6 - ((3 - -7) + -4)?
0
(2 + 0 - (-8 - -6)) + -4
0
-1 + (1 - 0) + -13 + 8
-5
What is the value of -9 + 7 + 10 + -6?
2
What is the value of -9 - -14 - (1 + -1)?
5
Calculate -10 - (11 - 23) - 10.
-8
Calculate (-23 - -16) + -2 + 2 + 1.
-6
1 + 0 - (0 - 1)
2
Calculate (-12 - -11) + -1 + 2 + 2.
2
Evaluate 1 - (-3 - (-1 + -1)).
2
What is the value of 5 + -5 + -3 + 2?
-1
Calculate 0 - (0 - ((-4 - -12) + -4)).
4
Calculate -1 + -4 + (30 - 22).
3
(-1 - -2 - 2 - -3) + -1
1
What is 2 + 0 + 0 + (-2 - -5)?
5
5 + 2 + (-3 - 1)
3
Evaluate 2 - (0 + 5) - (-7 + 6).
-2
Evaluate -25 + 24 + -2 + (3 - 3).
-3
-1 - (-3 + 0) - 9
-7
1 - (-6 - 1 - -11)
-3
Calculate 4 + (-4 - -5) + 0.
5
Evaluate 6 - (6 + -2 + 2).
0
Evaluate 5 + -2 - (-1 - -1).
3
What is the value of 0 - (-2 + 2 + -1 + 0)?
1
Calculate 7 + (-9 - (8 + -19)).
9
(-19 + 21 - (-3 - -2)) + -